 14081
List the prime factors of 1474365.
3, 5, 227, 433
List the prime factors of 2768214.
2, 3, 181, 2549
List the prime factors of 6012823.
461, 13043
What are the prime factors of 385079?
385079
List the prime factors of 2231874.
2, 3, 23, 599
List the prime factors of 1833307.
7, 23, 59, 193
List the prime factors of 21198329.
21198329
What are the prime factors of 1701818?
2, 79, 10771
List the prime factors of 38625872.
2, 2414117
What are the prime factors of 15099611?
15099611
What are the prime factors of 228261?
3, 11, 6917
List the prime factors of 225734.
2, 59, 1913
List the prime factors of 5181016.
2, 647627
What are the prime factors of 1050650?
2, 5, 21013
List the prime factors of 3196022.
2, 1598011
What are the prime factors of 314521?
409, 769
What are the prime factors of 1180542?
2, 3, 11, 31, 577
List the prime factors of 27481745.
5, 5496349
List the prime factors of 2541.
3, 7, 11
What are the prime factors of 11742?
2, 3, 19, 103
List the prime factors of 1164801.
3, 11, 47, 751
What are the prime factors of 21906344?
2, 131, 20903
List the prime factors of 17760656.
2, 1110041
What are the prime factors of 103230?
2, 3, 5, 31, 37
What are the prime factors of 13572025?
5, 41, 13241
List the prime factors of 3669118.
2, 251, 7309
List the prime factors of 167061.
3, 233, 239
What are the prime factors of 280194?
2, 3, 17, 41, 67
What are the prime factors of 6754091?
37, 277, 659
List the prime factors of 7601610.
2, 3, 5, 253387
What are the prime factors of 1827123?
3, 227, 2683
What are the prime factors of 334965?
3, 5, 137, 163
What are the prime factors of 68008?
2, 8501
List the prime factors of 2681544.
2, 3, 111731
List the prime factors of 1304856.
2, 3, 7, 863
List the prime factors of 967347.
3, 19, 5657
List the prime factors of 2596784.
2, 17, 9547
List the prime factors of 536609.
536609
List the prime factors of 16522451.
11, 1502041
What are the prime factors of 211025?
5, 23, 367
What are the prime factors of 183844?
2, 19, 41, 59
List the prime factors of 903798.
2, 3, 7, 797
List the prime factors of 286105.
5, 57221
What are the prime factors of 28921523?
41, 705403
List the prime factors of 2037804.
2, 3, 169817
What are the prime factors of 28575007?
199, 143593
What are the prime factors of 1545?
3, 5, 103
What are the prime factors of 1104923?
47, 23509
What are the prime factors of 168351?
3, 17, 3301
What are the prime factors of 16648885?
5, 11, 271, 1117
What are the prime factors of 14792603?
7, 2113229
What are the prime factors of 20150?
2, 5, 13, 31
List the prime factors of 15233008.
2, 7, 43, 3163
List the prime factors of 503949.
3, 173, 971
What are the prime factors of 474662?
2, 237331
List the prime factors of 675794.
2, 7, 48271
List the prime factors of 892751.
163, 5477
List the prime factors of 520340.
2, 5, 26017
What are the prime factors of 8022464?
2, 103, 1217
What are the prime factors of 3208717?
31, 89, 1163
List the prime factors of 390846.
2, 3, 65141
What are the prime factors of 480652?
2, 120163
List the prime factors of 286621.
443, 647
List the prime factors of 7227348.
2, 3, 602279
List the prime factors of 198801.
3, 37, 199
What are the prime factors of 564780?
2, 3, 5, 9413
What are the prime factors of 7812239?
7812239
What are the prime factors of 277035?
3, 5, 11, 23, 73
List the prime factors of 8772819.
3, 11, 29, 89, 103
What are the prime factors of 230855?
5, 46171
What are the prime factors of 8266957?
19, 435103
List the prime factors of 4406988.
2, 3, 181, 2029
What are the prime factors of 9463259?
13, 139, 5237
What are the prime factors of 589322?
2, 17, 17333
What are the prime factors of 336398?
2, 23, 71, 103
What are the prime factors of 8011313?
61, 2153
List the prime factors of 735068.
2, 151, 1217
What are the prime factors of 591950?
2, 5, 11839
What are the prime factors of 1896835?
5, 97, 3911
List the prime factors of 1071150.
2, 3, 5, 37, 193
What are the prime factors of 12964224?
2, 3, 7, 13, 53
List the prime factors of 4762111.
4762111
What are the prime factors of 477972?
2, 3, 11, 17, 71
What are the prime factors of 34015927?
11, 29, 3677
What are the prime factors of 1375035?
3, 5, 29, 109
List the prime factors of 58633.
17, 3449
What are the prime factors of 2314187?
2314187
What are the prime factors of 561878?
2, 280939
What are the prime factors of 482851?
17, 28403
What are the prime factors of 252786?
2, 3, 42131
What are the prime factors of 2461222?
2, 19, 239, 271
What are the prime factors of 414418?
2, 109, 1901
What are the prime factors of 1680629?
233, 7213
What are the prime factors of 450807?
3, 7, 21467
List the prime factors of 1194819.
3, 398273
List the prime factors of 21055303.
139, 151477
List the prime factors of 531711.
3, 47, 419
What are the prime factors of 675062?
2, 29, 103, 113
What are the prime factors of 79098?
2, 3, 13183
List the prime factors of 584246.
2, 13, 23, 977
What are the prime factors of 4557956?
2, 13, 23, 37, 103
What are the prime factors of 10327685?
5, 1367, 1511
List the prime factors of 38898.
2, 3, 2161
What are the prime factors of 76462?
2, 38231
What are the prime factors of 1485091?
43, 34537
What are the prime factors of 885926?
2, 442963
List the prime factors of 458387.
347, 1321
What are the prime factors of 1373381?
1373381
List the prime factors of 437589.
3, 19, 853
What are the prime factors of 25181807?
7, 3597401
What are the prime factors of 3202542?
2, 3, 7, 3631
List the prime factors of 207231.
3, 67, 1031
What are the prime factors of 3642379?
13, 280183
What are the prime factors of 18801424?
2, 461, 2549
What are the prime factors of 1121043?
3, 7, 11, 23, 211
List the prime factors of 2004217.
107, 18731
List the prime factors of 2284568.
2, 11, 13, 1997
List the prime factors of 123078.
2, 3, 73, 281
List the prime factors of 725541.
3, 241847
List the prime factors of 1443803.
1443803
What are the prime factors of 3941982?
2, 3, 11, 43, 463
What are the prime factors of 16190624?
2, 271, 1867
List the prime factors of 2050560.
2, 3, 5, 89
List the prime factors of 10238742.
2, 3, 31, 59, 311
List the prime factors of 478903.
59, 8117
List the prime factors of 2020001.
2020001
List the prime factors of 412994.
2, 37, 5581
List the prime factors of 1105698.
2, 3, 11, 1523
List the prime factors of 157240.
2, 5, 3931
List the prime factors of 501903.
3, 29, 641
What are the prime factors of 613204?
2, 83, 1847
List the prime factors of 252917.
7, 36131
What are the prime factors of 8823521?
7, 1019, 1237
List the prime factors of 11354837.
13, 19, 45971
List the prime factors of 376920.
2, 3, 5, 349
List the prime factors of 6394135.
5, 11, 116257
What are the prime factors of 1568061?
3, 11, 47, 337
What are the prime factors of 631169?
7, 11, 1171
What are the prime factors of 258777?
3, 28753
List the prime factors of 190596.
2, 3, 7, 2269
List the prime factors of 5337361.
37, 144253
List the prime factors of 997649.
997649
List the prime factors of 5759512.
2, 11, 65449
What are the prime factors of 37069322?
2, 199, 93139
List the prime factors of 731438.
2, 29, 12611
List the prime factors of 526701.
3, 7, 3583
What are the prime factors of 3414045?
3, 5, 227603
List the prime factors of 6967478.
2, 7, 497677
What are the prime factors of 197992?
2, 24749
What are the prime factors of 1341590?
2, 5, 19, 23, 307
What are the prime factors of 8389172?
2, 11, 17333
What are the prime factors of 2190716?
2, 11, 49789
What are the prime factors of 40858?
2, 31, 659
What are the prime factors of 29466?
2, 3, 1637
List the prime factors of 19147787.
53, 361279
List the prime factors of 187965.
3, 5, 4177
What are the prime factors of 10905276?
2, 3, 29, 31337
What are the prime factors of 182074?
2, 59, 1543
List the prime factors of 270239.
270239
What are the prime factors of 242609?
37, 79, 83
List the prime factors of 260220.
2, 3, 5, 4337
What are the prime factors of 26414?
2, 47, 281
What are the prime factors of 345254?
2, 7, 13, 271
What are the prime factors of 227426?
2, 17, 6689
List the prime factors of 110508.
2, 3, 9209
List the prime factors of 661812.
2, 3, 131, 421
List the prime factors of 11306313.
3, 73, 17209
What are